 -b**3 - 12*b**2 + 12*b - 5. Let s be p(z). What is the remainder when 70 is divided by 1 - 5 - 28/(-8)*s?
22
Suppose -22790*i = -22804*i + 9954. What is the remainder when 2152 is divided by i?
19
Let p(a) = -a + 36. Let s be p(15). Let c = 31 - s. Suppose -167 = -3*n + 5*l, -2*n - 2*l - l = -105. What is the remainder when n is divided by c?
4
Let n(a) = -a**2 + 19*a - 26. Let o be n(18). Calculate the remainder when o - -104 - -10 - 1*3 is divided by 18.
13
Suppose -4*p + 47 = -113. Let t(h) = -80*h - 90. Let f be t(-6). Suppose 0 = -4*y + 16, -3*s - 2*y + 95 + f = 0. Calculate the remainder when s is divided by p.
39
Suppose -176 = -5*h + 279. What is the remainder when h is divided by 28?
7
What is the remainder when 386 is divided by 339/2*(-24)/(-36)?
47
What is the remainder when 1*9/45*0 - -1566 is divided by 312?
6
Let p(l) = -2*l**2 + 40*l + 29. Let f = -8 + 68. Suppose f = 7*d - 4*d. Calculate the remainder when 115 is divided by p(d).
28
Let c = -2028 - -2048. What is the remainder when 47 is divided by c?
7
Suppose 3*f + 11 = -4, 40 = 3*q + f. Calculate the remainder when 1287 is divided by q.
12
Let h = -115 - -68. Suppose 0 = -3*n + 29*q - 26*q - 84, 2*n + 60 = 3*q. Let g = n - h. What is the remainder when 91 is divided by g?
22
Suppose -3*d - 246 = -6*d. Suppose 0 = 8*w - 40 + 120. What is the remainder when d is divided by 34 - (w - -4)*-1?
26
Let p = -8912 - -8986. Calculate the remainder when 1635 is divided by p.
7
Let d(x) = x**3 + 20*x**2 + 19. Suppose -27*t + 2 = -29*t. Let a = 2 - t. Calculate the remainder when d(-20) is divided by a.
1
Suppose -2*k + 5*p + 842 = 0, 0 = 5*k + 69*p - 70*p - 2128. What is the remainder when k is divided by 57?
27
Suppose 0 = 3*x + 98 + 142. Let m = x - -96. What is the remainder when 191 is divided by m?
15
Let w(u) = 9*u - 2 + 1 - 9. Calculate the remainder when w(4) is divided by 15 + 1*(-8 - -3).
6
Let p(j) = -j**3 - 36*j**2 + 73*j - 85. Suppose -5*o = -3*n + 3, -4*o - 3 = -5*n + 2. Calculate the remainder when p(-38) is divided by (n/(-3))/((-2)/30).
4
Let a(v) = v**3 - 26*v**2 + 7*v - 14. Let h be a(26). Suppose 0 = -31*u + 39*u - h. What is the remainder when 39 is divided by u?
18
Suppose -5*i + 3*x + 50 = 0, x - 2*x = i - 10. Let u be 4/(-4 - 24/(-4)). Calculate the remainder when (u - 2) + 4 + 32 is divided by i.
6
Suppose 4*x - 1590 - 434 = 0. Let g = 894 - x. Calculate the remainder when g is divided by 14.
10
Let k(u) = 3*u + 29. Let h be k(0). Suppose -2*x - h = -125. Calculate the remainder when 180 is divided by x.
36
Let n(p) = p**3 - 9*p**2 + 9*p - 4. Suppose -404*f + 399*f = -40. Let j = 2 - -12. What is the remainder when j is divided by n(f)?
2
Let y(c) = 469*c + 662. What is the remainder when 1306 is divided by y(-1)?
148
Let d = 75 - 73. Suppose 0*j = -l + d*j + 48, 0 = 2*l - 2*j - 102. Let s = l + -50. Calculate the remainder when 8 is divided by s.
0
Calculate the remainder when 339 is divided by 165/(-35)*(-3927)/153.
97
Suppose 486 = -26*v + 20*v. Let f = 123 + v. What is the remainder when 60 is divided by ((-16)/6)/(-1 - (-35)/f)?
12
Suppose 0 = -2*b + 5*w + 106, 4*w = -5*b + 10*b - 265. Calculate the remainder when 1907 is divided by b.
52
Suppose -173 = 18*g - 1343. What is the remainder when 799 is divided by g?
19
Suppose 3*s = -h + 779 + 1414, 0 = -5*s - 3*h + 3655. Calculate the remainder when s is divided by 23.
18
Let b = -28 - -53. Let u be 1/((-1)/(3/3 + -34)). What is the remainder when b is divided by (((-48)/(-18))/4)/(2/u)?
3
Let n(r) = r**3 + 29*r**2 - 32*r + 109. Let q be n(-30). Let u = q - 101. Calculate the remainder when 135 is divided by u.
67
Let y(m) = 6*m**2 + 3*m + 6. Let f be y(7). Suppose 4*i + 3*s = f, -i + 109 = -2*s - 3*s. What is the remainder when i is divided by 36?
12
Suppose -3*j + 4*j - 151 = 0. Let r(z) = 26*z - 351. What is the remainder when j is divided by r(15)?
34
Suppose 99*m = 107950 - 6475. What is the remainder when m is divided by 66?
35
Let j(y) = -2*y**3 - 55*y**2 + 25*y - 20. Let p be j(-28). Calculate the remainder when 336 is divided by (-5 - (2 - 10)) + 1 + p.
64
Let b = 586 - -1096. Suppose 21*v = 79*v - b. Suppose 3*s = o - 18, -o = -0*o - 4*s - 21. Calculate the remainder when v is divided by o.
2
Suppose 2*f = 2*j + 64, f - 3*j - 32 = -5*j. Let w be (-1 - 27/2)*-2. Suppose 0 = w*v - f*v + 108. What is the remainder when v is divided by 13?
10
Suppose -19*d + 21*d - 142 = 0. Let x(l) = 7*l + 1. Let y be x(1). Suppose y*i - 75 = 5*i. Calculate the remainder when d is divided by i.
21
Suppose -7476 = 5*b + 2*g - 20929, 0 = -4*b - g + 10763. Calculate the remainder when b is divided by 269.
1
Let g = 1720 - -142. What is the remainder when g is divided by 8?
6
Calculate the remainder when (-8)/(-28)*517944/48 is divided by 4.
3
Let m(z) = 10*z - 4. Suppose 2*l + 16 = 4*l. Suppose 26*w = 15*w + 286. Calculate the remainder when m(l) is divided by w.
24
Let d be (2/(-8)*10 - -3)*-166. Let h = 103 + d. Suppose 144 = -6*n + 10*n. What is the remainder when n is divided by h?
16
Let y(d) = 26*d**2 + 16*d + 21. Let q be y(-5). Let b = -232 + q. What is the remainder when b is divided by 18?
17
Let t be 4 - (-13)/((-39)/30). Calculate the remainder when 87 is divided by 77/(-21)*2/(4/t).
10
Suppose -5*x + 3*x + 4 = 0. Suppose -x*y - 210 = 160. Let d = y - -303. What is the remainder when d is divided by 20?
18
Let z(c) = 12*c**2 - 978*c + 185. Calculate the remainder when z(82) is divided by 234.
209
Let l = 96 + -84. Suppose -3*p = -0*p - l. Calculate the remainder when 45 is divided by (-1 + 10/p)*(-78)/(-9).
6
Calculate the remainder when 255 is divided by ((-2346)/(-230))/(9/105).
17
Suppose -4*o + 79 + 314 = -3*y, 378 = 4*o + 2*y. Let v(z) = -184*z - 3078. Calculate the remainder when o is divided by v(-17).
46
Let o(v) = v**3 - 32*v**2 + v - 27. Let g be o(32). What is the remainder when ((-15)/5 + g)*(60 + -1) is divided by 61?
57
Let c = 50 + -46. Let l be -3*c/(-3)*2. What is the remainder when 92 is divided by l/(-12) - (-95)/3?
30
Let f = 55 + -125. Let v(c) = 362*c + 1851. What is the remainder when v(-5) is divided by (f/8)/5*-12?
20
Let p be (-2 + 20)*33/22 + -2. What is the remainder when 5/(100/8) + 1940/p is divided by 14?
8
Let t(o) = 57*o**3 + o - 2. Let w = 9091 + -9081. Calculate the remainder when t(1) is divided by w.
6
What is the remainder when 345 is divided by (-12)/(-138) - (-79985)/1955?
17
Let k(x) = -x**3 - 9*x**2 + 11. Let h be k(-9). Suppose 2*a - h = 5. Suppose 8 = 9*z - a*z. Calculate the remainder when 21 is divided by z.
5
Calculate the remainder when (-2303)/(-3) + (-54)/9 + 14/(-21) is divided by 50.
11
Let y be (-198)/4*((-3)/(-1) + 1). Suppose -3*l + 951 = 3*f, -5*f = 3*l - 2*l - 1581. Let z = f + y. Calculate the remainder when z is divided by 24.
22
Let j(v) = -8*v - 37. Let r be j(-5). Suppose 5*y - 4*l - 58 = r*y, 5*y - 2*l = 161. What is the remainder when y is divided by 15?
3
Suppose 2*o - 3*l - 8513 = 0, -o - 474 = -3*l - 4717. What is the remainder when o is divided by 75?
70
Calculate the remainder when 2995 is divided by -5 - (-522)/99 - (-8235)/55.
145
Calculate the remainder when 101 is divided by 3/2 + (-1284)/(-24) + 11.
35
Let n = -118 - -1733. Calculate the remainder when n is divided by 180.
175
Let m(h) = 4*h**3 + h**2 - 2*h**3 + h**3 - 2*h**3 - 37. Let v be m(0). Let l = v + 86. Calculate the remainder when l is divided by 13.
10
Suppose -20*l + 40 + 1683 = -497. Calculate the remainder when l is divided by 23.
19
Let g(m) = m**3 - 2*m**2 + 13*m - 119. Let d = 7 + -4. Suppose 9*z + 6 = d*a + 4*z, 25 = 4*a - z. What is the remainder when g(5) is divided by a?
0
Let n be (17 - 21)/(4 - (-4)/(-2)). Let p(a) = 24*a - 6. Let x be p(n). Let y = x + 70. What is the remainder when y is divided by 5?
1
Let u be (6 + -84)/(-3) + -5*1. Calculate the remainder when 80 is divided by 122/8 - 2*u/(-56).
0
Let v(m) = -m**2 - 168*m - 6086. What is the remainder when v(-81) is divided by 190?
11
Suppose -3*t + 3*l + 516 = 0, 0 = 4*l - 8*l - 4. Let f = t + -154. Calculate the remainder when 100 is divided by f.
15
Let t be (11/2 + 1)/((-3)/(-6)). Let x = -21 + t. Calculate the remainder when 17 is divided by x/(-4)*(0 - -3).
5
Let o(z) = -4*z + 4. Suppose 802 - 786 